se 2, what is -101001 - 1100111011100011110?
-1100111011101000111
In base 7, what is 142153033 + -101?
142152632
In base 8, what is 765 + -65603?
-64616
In base 11, what is 1 - 8911aa7?
-8911aa6
In base 11, what is -23516 - -246?
-23280
In base 6, what is 3 + -2401103455?
-2401103452
In base 5, what is -341201 + 3200101?
2303400
In base 14, what is -189c + 8282?
67c4
In base 16, what is 252d9be - d?
252d9b1
In base 7, what is 125523116 - 44?
125523042
In base 8, what is -116 + -3327057?
-3327175
In base 16, what is 1e4f4 + -408?
1e0ec
In base 5, what is 11011 + -10320302?
-10304241
In base 6, what is -15304 + 2322352?
2303044
In base 2, what is 10001001010111011010 + -10010?
10001001010111001000
In base 2, what is -11 + 100101111011110111010?
100101111011110110111
In base 15, what is -21282 - -ad8?
-20699
In base 16, what is -6a898 + 3?
-6a895
In base 2, what is -10000010011100 + -10100101100?
-10010111001000
In base 9, what is -345 + -1241?
-1586
In base 13, what is -1997a7a - -4?
-1997a76
In base 6, what is 143453552232 - -2?
143453552234
In base 15, what is 413a096 + -3?
413a093
In base 11, what is -2 - -21a1522?
21a1520
In base 15, what is -4 - 3b228a?
-3b228e
In base 11, what is -7 - 53483500?
-53483507
In base 13, what is 4b - 19bb502?
-19bb484
In base 15, what is 123c - d080?
-bd43
In base 13, what is -1 + 1ab6ca?
1ab6c9
In base 12, what is -1a630a7 + b?
-1a63098
In base 11, what is 63672 + -52?
63620
In base 4, what is 202320102333 + -11?
202320102322
In base 3, what is 202211112 - -101102011?
1011020200
In base 8, what is 20531 + -46077?
-25346
In base 2, what is 1001111111111001000 + 101010?
1001111111111110010
In base 6, what is -1022232 + -1553?
-1024225
In base 14, what is ab180 + -32?
ab14c
In base 5, what is -4002224 + 3330?
-3443344
In base 11, what is 2 - 2379a087?
-2379a085
In base 8, what is -4221725 + 645?
-4221060
In base 7, what is -5 - 353532323?
-353532331
In base 6, what is 205 - -1022140?
1022345
In base 7, what is 52634651554 - -4?
52634651561
In base 12, what is 255b0b8ab - 4?
255b0b8a7
In base 9, what is -7 - -11265371?
11265363
In base 6, what is -4 - -113310440?
113310432
In base 4, what is -121012320 + 313?
-121012001
In base 6, what is 13025024 + -10132?
13014452
In base 16, what is -501bd10e - 3?
-501bd111
In base 12, what is -324 + 12b486?
12b162
In base 12, what is -8bb88 + 6?
-8bb82
In base 6, what is 53310105 + 211?
53310320
In base 10, what is -167 + 858271?
858104
In base 12, what is -aa8063 + -5b?
-aa8102
In base 13, what is -345 - 38c1?
-3c36
In base 10, what is 11 - -29590657?
29590668
In base 15, what is 4 + -2a0921?
-2a091c
In base 12, what is 24 + -727a?
-7256
In base 14, what is -1 + -9553d0?
-9553d1
In base 8, what is 1206240 - 6?
1206232
In base 6, what is 2 + -440425110?
-440425104
In base 2, what is 10001 - -1000010111100100100000?
1000010111100100110001
In base 2, what is -100 + 110100100100000001110001?
110100100100000001101101
In base 7, what is -304 - -3425533?
3425226
In base 13, what is -201a - 4c80?
-6c9a
In base 14, what is -8a4211 + 17?
-8a41d8
In base 2, what is -10110110100011111000100 + 100?
-10110110100011111000000
In base 4, what is 11103032312 - 1?
11103032311
In base 12, what is 109982ab + 1?
109982b0
In base 13, what is b9 - -137431?
13751a
In base 14, what is 9cd - a7a7?
-9bb8
In base 13, what is ba - 18116a5?
-18115b8
In base 11, what is 3 - -1206315?
1206318
In base 13, what is 432317 + -28?
4322bc
In base 7, what is 413411546 + -11?
413411535
In base 8, what is 53 + -66006?
-65733
In base 2, what is 11010110000000011101 - -1001011?
11010110000001101000
In base 15, what is -43a + -28271?
-286ab
In base 6, what is -210501 + -111?
-211012
In base 15, what is 5 - 476b3a?
-476b35
In base 14, what is 157 + 9090?
9207
In base 7, what is 3 + 6505606566?
6505606602
In base 11, what is 1045547 - -a?
1045556
In base 5, what is -220323103 - 12?
-220323120
In base 9, what is -24727 + 156?
-24561
In base 2, what is 101011010010110111 + -10011110?
101011010000011001
In base 14, what is -47 - -7c755?
7c70c
In base 6, what is 3231110212 - 2?
3231110210
In base 5, what is -432223 - -2222?
-430001
In base 11, what is -7526718 - 3?
-7526720
In base 3, what is 11 - -102211021011112212?
102211021011120000
In base 12, what is -4b50454 + -6?
-4b5045a
In base 14, what is 0 + 293738?
293738
In base 16, what is -61343 + -1c?
-6135f
In base 12, what is 27b91 - -252?
28223
In base 9, what is 34242112 + -20?
34242082
In base 6, what is 0 - 32521145541?
-32521145541
In base 9, what is -2205 - 1461?
-3666
In base 9, what is 23 + -218175?
-218152
In base 16, what is 7099c - 146?
70856
In base 7, what is -2250 - 52613?
-55163
In base 9, what is -3034 - -66861?
63826
In base 5, what is -33142402242 - 13?
-33142402310
In base 4, what is 1110 - 332022112?
-332021002
In base 8, what is -7 - -46016756?
46016747
In base 9, what is 267582 - -664?
268356
In base 4, what is -3122313213 - 10?
-3122313223
In base 13, what is -27203 - -4a6?
-26a2a
In base 5, what is 13 - 1010030344?
-1010030331
In base 3, what is -2011 - 111201101210?
-111201110221
In base 5, what is 0 + -4240033134?
-4240033134
In base 11, what is 5 - 73a49a5a?
-73a49a55
In base 2, what is -100110111010011100011110000 - -100?
-100110111010011100011101100
In base 2, what is 1110010010110000011001 + -1?
1110010010110000011000
In base 3, what is 102211200122200 - 12?
102211200122111
In base 2, what is -1000110000 + 100010000001110010?
100001111001000010
In base 6, what is -25 - 35400503?
-35400532
In base 13, what is 2b30063 - 18?
2b30048
In base 14, what is 25b14a + -5?
25b145
In base 14, what is -15b0ad3 + -4?
-15b0ad7
In base 6, what is -2251 - 43501?
-50152
In base 13, what is 7 + 243046c3?
243046ca
In base 3, what is -112110110121 + 212102?
-112102121012
In base 12, what is -3a01 - -55b1?
17b0
In base 16, what is 1 - 150eb6c?
-150eb6b
In base 9, what is -2412768 - -362?
-2412406
In base 10, what is -5 + -2597528?
-2597533
In base 14, what is -5141a + 22a?
-511d0
In base 11, what is 4 - -2944500?
2944504
In base 15, what is -64e8 - 9c8?
-6ec1
In base 4, what is 23 + 1212332120213?
1212332120302
In base 10, what is 3892825 + 9?
3892834
In base 13, what is 3b22882 - 4?
3b2287b
In base 6, what is 10410 + -215553?
-205143
In base 10, what is 26 - 12702?
-12676
In base 13, what is -80b - 7b9?
-12c7
In base 4, what is 1131033 - 131310?
333123
In base 11, what is 137624 + 6?
13762a
In base 10, what is -1370423 + -475?
-1370898
In base 6, what is 3 + 4111354204?
4111354211
In base 11, what is -288 - 785191?
-785469
In base 6, what is 33540342 + 313?
33541055
In base 13, what is -1 + a1c5975?
a1c5974
In base 5, what is -1301232000 + -2?
-1301232002
In base 3, what is -20122102100 + 21201?
-20122010122
In base 2, what is -1001011100001 + -11011000000?
-1100110100001
In base 11, what is 1 - -33649486?
33649487
In base 7, what is -46 - 2225?
-2304
In base 16, what is -101 + -13dfd?
-13efe
In base 8, what is 4276 + -27017?
-22521
In base 2, what is -1 + -101010011111111001000?
-101010011111111001001
In base 16, what is -3a3a + -2ff?
-3d39
In base 12, what is 4251 + 183?
4414
In base 8, what is -3 + 14042221?
14042216
In base 14, what is 3 + 917b16d?
917b172
In base 10, what is 7860 - -819?
8679
In base 12, what is 72733b0 - 4?
72733a8
In base 14, what is -7 + -44b880?
-44b887
In base 7, what is 120250222 + 25?
120250250
In base 7, what is -3026601412 - -4?
-3026601405
In base 7, what is -4 - 312422540?
-312422544
In base 8, what is -40534125 + 13?
-40534112
In base 14, what is 3d391cb - -d?
3d391da
In base 9, what is 381 - 37652?
-37261
In base 6, what is 102050 - -15533?
122023
In base 3, what is 22001120120 + 2?
22001120122
In base 13, what is 20b9673 - 2?
20b9671
In base 15, what is -4b626 - -610?
-4b016
In base 16, what is -9fe3a + 7?
-9fe33
In base 4, what is -10 + -32013332223?
-32013332233
In base 15, what is e66953 - 3?
e66950
In base 4, what is -212113113021 + 300?
-212113112121
In base 4, what is 1032302022 + 111?
1032302133
In base 5, what is 1 - 34431300403?
-34431300402
In base 8, what is 361244 + 2236?
363502
In base 6, what is 143 + -1013432?
-1013245
In base 6, what is -3 - -25343023552?
25343023545
In base 10, what is -11581 - 38736?
-50317